{"id":12117,"date":"2024-02-20T11:09:02","date_gmt":"2024-02-20T10:09:02","guid":{"rendered":"https:\/\/quartiers1060.brussels\/?post_type=chantier&#038;p=12117"},"modified":"2025-02-19T15:06:22","modified_gmt":"2025-02-19T14:06:22","slug":"autoluwe-straten","status":"publish","type":"chantier","link":"https:\/\/quartiers1060.brussels\/nl\/chantier\/autoluwe-straten\/","title":{"rendered":"Aangenamere straten"},"content":{"rendered":"\n<p>Dit project is bedoeld om het doorgaand verkeer te beperken, zachte mobiliteit aan te moedigen, de onmiddellijke omgeving van scholen veiliger te maken en meer natuur te voorzien in de wijk.<\/p>\n\n\n\n<div style=\"height:20px\" aria-hidden=\"true\" class=\"wp-block-spacer\"><\/div>\n\n\n\n<p>Welke ruimten:<\/p>\n\n\n\n<ul class=\"wp-block-list\">\n<li><strong>Emile Feronstraat<\/strong>: van gevel tot gevel over de volledige lengte<\/li>\n\n\n\n<li><strong>Joseph Claesstraat <\/strong>van gevel tot gevel tussen de de M\u00e9rodestraat en de Vorstsesteenweg<\/li>\n\n\n\n<li><strong>Schoolomgevingen\/ publieke voorzieningen<\/strong>:<br>&gt; Engelandstraat: tussen de nummer 43 en 68<br>&gt; de M\u00e9rodestraat: tussen de nummers 54, 97-103 en 143 (Ateliers du Midi, toekomstig kinderdagverblijf, Preventiedienst)<br>&gt; Fernand Bernierstraat: tussen de nummers 16 en 40, (Sint-Gillisschool, OCMW)<br>&gt; Hollandstraat: ter hoogte van nummer 49 (toekomstige CUBE)<br>&gt; Zwedenstraat: tussen de nummers 42 en 48<\/li>\n<\/ul>\n","protected":false},"excerpt":{"rendered":"<p>Dit project is bedoeld om het doorgaand verkeer te beperken, zachte mobiliteit aan te moedigen, de onmiddellijke omgeving van scholen veiliger te maken en meer natuur te voorzien in de wijk. Welke ruimten:<\/p>\n","protected":false},"author":2,"featured_media":2280,"parent":0,"comment_status":"closed","ping_status":"closed","template":"","categorieschantiers":[86],"class_list":["post-12117","chantier","type-chantier","status-publish","has-post-thumbnail","hentry","categorieschantiers-gare-habitante-nl","entry"],"acf":[],"yoast_head":"<!-- This site is optimized with the Yoast SEO plugin v27.5 - https:\/\/yoast.com\/product\/yoast-seo-wordpress\/ -->\n<title>Aangenamere straten - Stedelijke herwaarding<\/title>\n<meta name=\"robots\" content=\"index, follow, max-snippet:-1, max-image-preview:large, max-video-preview:-1\" \/>\n<link rel=\"canonical\" href=\"https:\/\/quartiers1060.brussels\/nl\/chantier\/autoluwe-straten\/\" \/>\n<meta property=\"og:locale\" content=\"nl_NL\" \/>\n<meta property=\"og:type\" content=\"article\" \/>\n<meta property=\"og:title\" content=\"Aangenamere straten - Stedelijke herwaarding\" \/>\n<meta property=\"og:description\" content=\"Dit project is bedoeld om het doorgaand verkeer te beperken, zachte mobiliteit aan te moedigen, de onmiddellijke omgeving van scholen veiliger te maken en meer natuur te voorzien in de wijk. Welke ruimten:\" \/>\n<meta property=\"og:url\" content=\"https:\/\/quartiers1060.brussels\/nl\/chantier\/autoluwe-straten\/\" \/>\n<meta property=\"og:site_name\" content=\"Stedelijke herwaarding\" \/>\n<meta property=\"article:modified_time\" content=\"2025-02-19T14:06:22+00:00\" \/>\n<meta property=\"og:image\" content=\"http:\/\/quartiers1060.brussels\/wp-content\/uploads\/2021\/03\/Emilie_FERON.jpg\" \/>\n\t<meta property=\"og:image:width\" content=\"2016\" \/>\n\t<meta property=\"og:image:height\" content=\"1512\" \/>\n\t<meta property=\"og:image:type\" content=\"image\/jpeg\" \/>\n<meta name=\"twitter:card\" content=\"summary_large_image\" \/>\n<meta name=\"twitter:label1\" content=\"Geschatte leestijd\" \/>\n\t<meta name=\"twitter:data1\" content=\"4 minuten\" \/>\n<script type=\"application\/ld+json\" class=\"yoast-schema-graph\">{\"@context\":\"https:\\\/\\\/schema.org\",\"@graph\":[{\"@type\":\"WebPage\",\"@id\":\"https:\\\/\\\/quartiers1060.brussels\\\/nl\\\/chantier\\\/autoluwe-straten\\\/\",\"url\":\"https:\\\/\\\/quartiers1060.brussels\\\/nl\\\/chantier\\\/autoluwe-straten\\\/\",\"name\":\"Aangenamere straten - Stedelijke herwaarding\",\"isPartOf\":{\"@id\":\"https:\\\/\\\/quartiers1060.brussels\\\/#website\"},\"primaryImageOfPage\":{\"@id\":\"https:\\\/\\\/quartiers1060.brussels\\\/nl\\\/chantier\\\/autoluwe-straten\\\/#primaryimage\"},\"image\":{\"@id\":\"https:\\\/\\\/quartiers1060.brussels\\\/nl\\\/chantier\\\/autoluwe-straten\\\/#primaryimage\"},\"thumbnailUrl\":\"https:\\\/\\\/quartiers1060.brussels\\\/wp-content\\\/uploads\\\/2021\\\/03\\\/Emilie_FERON.jpg\",\"datePublished\":\"2024-02-20T10:09:02+00:00\",\"dateModified\":\"2025-02-19T14:06:22+00:00\",\"breadcrumb\":{\"@id\":\"https:\\\/\\\/quartiers1060.brussels\\\/nl\\\/chantier\\\/autoluwe-straten\\\/#breadcrumb\"},\"inLanguage\":\"nl-NL\",\"potentialAction\":[{\"@type\":\"ReadAction\",\"target\":[\"https:\\\/\\\/quartiers1060.brussels\\\/nl\\\/chantier\\\/autoluwe-straten\\\/\"]}]},{\"@type\":\"ImageObject\",\"inLanguage\":\"nl-NL\",\"@id\":\"https:\\\/\\\/quartiers1060.brussels\\\/nl\\\/chantier\\\/autoluwe-straten\\\/#primaryimage\",\"url\":\"https:\\\/\\\/quartiers1060.brussels\\\/wp-content\\\/uploads\\\/2021\\\/03\\\/Emilie_FERON.jpg\",\"contentUrl\":\"https:\\\/\\\/quartiers1060.brussels\\\/wp-content\\\/uploads\\\/2021\\\/03\\\/Emilie_FERON.jpg\",\"width\":2016,\"height\":1512,\"caption\":\"assembl\u00e9e g\u00e9n\u00e9rale des habitantss\"},{\"@type\":\"BreadcrumbList\",\"@id\":\"https:\\\/\\\/quartiers1060.brussels\\\/nl\\\/chantier\\\/autoluwe-straten\\\/#breadcrumb\",\"itemListElement\":[{\"@type\":\"ListItem\",\"position\":1,\"name\":\"Accueil\",\"item\":\"https:\\\/\\\/quartiers1060.brussels\\\/\"},{\"@type\":\"ListItem\",\"position\":2,\"name\":\"chantiers\",\"item\":\"https:\\\/\\\/quartiers1060.brussels\\\/chantier\\\/\"},{\"@type\":\"ListItem\",\"position\":3,\"name\":\"Aangenamere straten\"}]},{\"@type\":\"WebSite\",\"@id\":\"https:\\\/\\\/quartiers1060.brussels\\\/#website\",\"url\":\"https:\\\/\\\/quartiers1060.brussels\\\/\",\"name\":\"Stedelijke herwaarding\",\"description\":\"- Sint-Gillis\",\"publisher\":{\"@id\":\"https:\\\/\\\/quartiers1060.brussels\\\/#organization\"},\"potentialAction\":[{\"@type\":\"SearchAction\",\"target\":{\"@type\":\"EntryPoint\",\"urlTemplate\":\"https:\\\/\\\/quartiers1060.brussels\\\/?s={search_term_string}\"},\"query-input\":{\"@type\":\"PropertyValueSpecification\",\"valueRequired\":true,\"valueName\":\"search_term_string\"}}],\"inLanguage\":\"nl-NL\"},{\"@type\":\"Organization\",\"@id\":\"https:\\\/\\\/quartiers1060.brussels\\\/#organization\",\"name\":\"Saint-Gilles\",\"url\":\"https:\\\/\\\/quartiers1060.brussels\\\/\",\"logo\":{\"@type\":\"ImageObject\",\"inLanguage\":\"nl-NL\",\"@id\":\"https:\\\/\\\/quartiers1060.brussels\\\/#\\\/schema\\\/logo\\\/image\\\/\",\"url\":\"https:\\\/\\\/quartiers1060.brussels\\\/wp-content\\\/uploads\\\/2021\\\/06\\\/RevitUrbaine_Saint-Gilles.svg\",\"contentUrl\":\"https:\\\/\\\/quartiers1060.brussels\\\/wp-content\\\/uploads\\\/2021\\\/06\\\/RevitUrbaine_Saint-Gilles.svg\",\"width\":243.17,\"height\":68.96,\"caption\":\"Saint-Gilles\"},\"image\":{\"@id\":\"https:\\\/\\\/quartiers1060.brussels\\\/#\\\/schema\\\/logo\\\/image\\\/\"}}]}<\/script>\n<!-- \/ Yoast SEO plugin. -->","yoast_head_json":{"title":"Aangenamere straten - Stedelijke herwaarding","robots":{"index":"index","follow":"follow","max-snippet":"max-snippet:-1","max-image-preview":"max-image-preview:large","max-video-preview":"max-video-preview:-1"},"canonical":"https:\/\/quartiers1060.brussels\/nl\/chantier\/autoluwe-straten\/","og_locale":"nl_NL","og_type":"article","og_title":"Aangenamere straten - Stedelijke herwaarding","og_description":"Dit project is bedoeld om het doorgaand verkeer te beperken, zachte mobiliteit aan te moedigen, de onmiddellijke omgeving van scholen veiliger te maken en meer natuur te voorzien in de wijk. Welke ruimten:","og_url":"https:\/\/quartiers1060.brussels\/nl\/chantier\/autoluwe-straten\/","og_site_name":"Stedelijke herwaarding","article_modified_time":"2025-02-19T14:06:22+00:00","og_image":[{"width":2016,"height":1512,"url":"http:\/\/quartiers1060.brussels\/wp-content\/uploads\/2021\/03\/Emilie_FERON.jpg","type":"image\/jpeg"}],"twitter_card":"summary_large_image","twitter_misc":{"Geschatte leestijd":"4 minuten"},"schema":{"@context":"https:\/\/schema.org","@graph":[{"@type":"WebPage","@id":"https:\/\/quartiers1060.brussels\/nl\/chantier\/autoluwe-straten\/","url":"https:\/\/quartiers1060.brussels\/nl\/chantier\/autoluwe-straten\/","name":"Aangenamere straten - Stedelijke herwaarding","isPartOf":{"@id":"https:\/\/quartiers1060.brussels\/#website"},"primaryImageOfPage":{"@id":"https:\/\/quartiers1060.brussels\/nl\/chantier\/autoluwe-straten\/#primaryimage"},"image":{"@id":"https:\/\/quartiers1060.brussels\/nl\/chantier\/autoluwe-straten\/#primaryimage"},"thumbnailUrl":"https:\/\/quartiers1060.brussels\/wp-content\/uploads\/2021\/03\/Emilie_FERON.jpg","datePublished":"2024-02-20T10:09:02+00:00","dateModified":"2025-02-19T14:06:22+00:00","breadcrumb":{"@id":"https:\/\/quartiers1060.brussels\/nl\/chantier\/autoluwe-straten\/#breadcrumb"},"inLanguage":"nl-NL","potentialAction":[{"@type":"ReadAction","target":["https:\/\/quartiers1060.brussels\/nl\/chantier\/autoluwe-straten\/"]}]},{"@type":"ImageObject","inLanguage":"nl-NL","@id":"https:\/\/quartiers1060.brussels\/nl\/chantier\/autoluwe-straten\/#primaryimage","url":"https:\/\/quartiers1060.brussels\/wp-content\/uploads\/2021\/03\/Emilie_FERON.jpg","contentUrl":"https:\/\/quartiers1060.brussels\/wp-content\/uploads\/2021\/03\/Emilie_FERON.jpg","width":2016,"height":1512,"caption":"assembl\u00e9e g\u00e9n\u00e9rale des habitantss"},{"@type":"BreadcrumbList","@id":"https:\/\/quartiers1060.brussels\/nl\/chantier\/autoluwe-straten\/#breadcrumb","itemListElement":[{"@type":"ListItem","position":1,"name":"Accueil","item":"https:\/\/quartiers1060.brussels\/"},{"@type":"ListItem","position":2,"name":"chantiers","item":"https:\/\/quartiers1060.brussels\/chantier\/"},{"@type":"ListItem","position":3,"name":"Aangenamere straten"}]},{"@type":"WebSite","@id":"https:\/\/quartiers1060.brussels\/#website","url":"https:\/\/quartiers1060.brussels\/","name":"Stedelijke herwaarding","description":"- Sint-Gillis","publisher":{"@id":"https:\/\/quartiers1060.brussels\/#organization"},"potentialAction":[{"@type":"SearchAction","target":{"@type":"EntryPoint","urlTemplate":"https:\/\/quartiers1060.brussels\/?s={search_term_string}"},"query-input":{"@type":"PropertyValueSpecification","valueRequired":true,"valueName":"search_term_string"}}],"inLanguage":"nl-NL"},{"@type":"Organization","@id":"https:\/\/quartiers1060.brussels\/#organization","name":"Saint-Gilles","url":"https:\/\/quartiers1060.brussels\/","logo":{"@type":"ImageObject","inLanguage":"nl-NL","@id":"https:\/\/quartiers1060.brussels\/#\/schema\/logo\/image\/","url":"https:\/\/quartiers1060.brussels\/wp-content\/uploads\/2021\/06\/RevitUrbaine_Saint-Gilles.svg","contentUrl":"https:\/\/quartiers1060.brussels\/wp-content\/uploads\/2021\/06\/RevitUrbaine_Saint-Gilles.svg","width":243.17,"height":68.96,"caption":"Saint-Gilles"},"image":{"@id":"https:\/\/quartiers1060.brussels\/#\/schema\/logo\/image\/"}}]}},"_links":{"self":[{"href":"https:\/\/quartiers1060.brussels\/nl\/wp-json\/wp\/v2\/chantier\/12117","targetHints":{"allow":["GET"]}}],"collection":[{"href":"https:\/\/quartiers1060.brussels\/nl\/wp-json\/wp\/v2\/chantier"}],"about":[{"href":"https:\/\/quartiers1060.brussels\/nl\/wp-json\/wp\/v2\/types\/chantier"}],"author":[{"embeddable":true,"href":"https:\/\/quartiers1060.brussels\/nl\/wp-json\/wp\/v2\/users\/2"}],"replies":[{"embeddable":true,"href":"https:\/\/quartiers1060.brussels\/nl\/wp-json\/wp\/v2\/comments?post=12117"}],"version-history":[{"count":2,"href":"https:\/\/quartiers1060.brussels\/nl\/wp-json\/wp\/v2\/chantier\/12117\/revisions"}],"predecessor-version":[{"id":13069,"href":"https:\/\/quartiers1060.brussels\/nl\/wp-json\/wp\/v2\/chantier\/12117\/revisions\/13069"}],"wp:featuredmedia":[{"embeddable":true,"href":"https:\/\/quartiers1060.brussels\/nl\/wp-json\/wp\/v2\/media\/2280"}],"wp:attachment":[{"href":"https:\/\/quartiers1060.brussels\/nl\/wp-json\/wp\/v2\/media?parent=12117"}],"wp:term":[{"taxonomy":"categorieschantiers","embeddable":true,"href":"https:\/\/quartiers1060.brussels\/nl\/wp-json\/wp\/v2\/categorieschantiers?post=12117"}],"curies":[{"name":"wp","href":"https:\/\/api.w.org\/{rel}","templated":true}]}}

<p>Dit project is bedoeld om het doorgaand verkeer te beperken, zachte mobiliteit aan te moedigen, de onmiddellijke omgeving van scholen veiliger te maken en meer natuur te voorzien in de wijk.</p>



<div style="height:20px" aria-hidden="true" class="wp-block-spacer"></div>



<p>Welke ruimten:</p>



<ul class="wp-block-list">
<li><strong>Emile Feronstraat</strong>: van gevel tot gevel over de volledige lengte</li>



<li><strong>Joseph Claesstraat </strong>van gevel tot gevel tussen de de Mérodestraat en de Vorstsesteenweg</li>



<li><strong>Schoolomgevingen/ publieke voorzieningen</strong>:<br>&gt; Engelandstraat: tussen de nummer 43 en 68<br>&gt; de Mérodestraat: tussen de nummers 54, 97-103 en 143 (Ateliers du Midi, toekomstig kinderdagverblijf, Preventiedienst)<br>&gt; Fernand Bernierstraat: tussen de nummers 16 en 40, (Sint-Gillisschool, OCMW)<br>&gt; Hollandstraat: ter hoogte van nummer 49 (toekomstige CUBE)<br>&gt; Zwedenstraat: tussen de nummers 42 en 48</li>
</ul>

<!-- This site is optimized with the Yoast SEO plugin v27.5 - https://yoast.com/product/yoast-seo-wordpress/ -->
<title>Aangenamere straten - Stedelijke herwaarding</title>
<meta name="robots" content="index, follow, max-snippet:-1, max-image-preview:large, max-video-preview:-1" />
<link rel="canonical" href="https://quartiers1060.brussels/nl/chantier/autoluwe-straten/" />
<meta property="og:locale" content="nl_NL" />
<meta property="og:type" content="article" />
<meta property="og:title" content="Aangenamere straten - Stedelijke herwaarding" />
<meta property="og:description" content="Dit project is bedoeld om het doorgaand verkeer te beperken, zachte mobiliteit aan te moedigen, de onmiddellijke omgeving van scholen veiliger te maken en meer natuur te voorzien in de wijk. Welke ruimten:" />
<meta property="og:url" content="https://quartiers1060.brussels/nl/chantier/autoluwe-straten/" />
<meta property="og:site_name" content="Stedelijke herwaarding" />
<meta property="article:modified_time" content="2025-02-19T14:06:22+00:00" />
<meta property="og:image" content="http://quartiers1060.brussels/wp-content/uploads/2021/03/Emilie_FERON.jpg" />
	<meta property="og:image:width" content="2016" />
	<meta property="og:image:height" content="1512" />
	<meta property="og:image:type" content="image/jpeg" />
<meta name="twitter:card" content="summary_large_image" />
<meta name="twitter:label1" content="Geschatte leestijd" />
	<meta name="twitter:data1" content="4 minuten" />
<script type="application/ld+json" class="yoast-schema-graph">{"@context":"https:\/\/schema.org","@graph":[{"@type":"WebPage","@id":"https:\/\/quartiers1060.brussels\/nl\/chantier\/autoluwe-straten\/","url":"https:\/\/quartiers1060.brussels\/nl\/chantier\/autoluwe-straten\/","name":"Aangenamere straten - Stedelijke herwaarding","isPartOf":{"@id":"https:\/\/quartiers1060.brussels\/#website"},"primaryImageOfPage":{"@id":"https:\/\/quartiers1060.brussels\/nl\/chantier\/autoluwe-straten\/#primaryimage"},"image":{"@id":"https:\/\/quartiers1060.brussels\/nl\/chantier\/autoluwe-straten\/#primaryimage"},"thumbnailUrl":"https:\/\/quartiers1060.brussels\/wp-content\/uploads\/2021\/03\/Emilie_FERON.jpg","datePublished":"2024-02-20T10:09:02+00:00","dateModified":"2025-02-19T14:06:22+00:00","breadcrumb":{"@id":"https:\/\/quartiers1060.brussels\/nl\/chantier\/autoluwe-straten\/#breadcrumb"},"inLanguage":"nl-NL","potentialAction":[{"@type":"ReadAction","target":["https:\/\/quartiers1060.brussels\/nl\/chantier\/autoluwe-straten\/"]}]},{"@type":"ImageObject","inLanguage":"nl-NL","@id":"https:\/\/quartiers1060.brussels\/nl\/chantier\/autoluwe-straten\/#primaryimage","url":"https:\/\/quartiers1060.brussels\/wp-content\/uploads\/2021\/03\/Emilie_FERON.jpg","contentUrl":"https:\/\/quartiers1060.brussels\/wp-content\/uploads\/2021\/03\/Emilie_FERON.jpg","width":2016,"height":1512,"caption":"assemblée générale des habitantss"},{"@type":"BreadcrumbList","@id":"https:\/\/quartiers1060.brussels\/nl\/chantier\/autoluwe-straten\/#breadcrumb","itemListElement":[{"@type":"ListItem","position":1,"name":"Accueil","item":"https:\/\/quartiers1060.brussels\/"},{"@type":"ListItem","position":2,"name":"chantiers","item":"https:\/\/quartiers1060.brussels\/chantier\/"},{"@type":"ListItem","position":3,"name":"Aangenamere straten"}]},{"@type":"WebSite","@id":"https:\/\/quartiers1060.brussels\/#website","url":"https:\/\/quartiers1060.brussels\/","name":"Stedelijke herwaarding","description":"- Sint-Gillis","publisher":{"@id":"https:\/\/quartiers1060.brussels\/#organization"},"potentialAction":[{"@type":"SearchAction","target":{"@type":"EntryPoint","urlTemplate":"https:\/\/quartiers1060.brussels\/?s={search_term_string}"},"query-input":{"@type":"PropertyValueSpecification","valueRequired":true,"valueName":"search_term_string"}}],"inLanguage":"nl-NL"},{"@type":"Organization","@id":"https:\/\/quartiers1060.brussels\/#organization","name":"Saint-Gilles","url":"https:\/\/quartiers1060.brussels\/","logo":{"@type":"ImageObject","inLanguage":"nl-NL","@id":"https:\/\/quartiers1060.brussels\/#\/schema\/logo\/image\/","url":"https:\/\/quartiers1060.brussels\/wp-content\/uploads\/2021\/06\/RevitUrbaine_Saint-Gilles.svg","contentUrl":"https:\/\/quartiers1060.brussels\/wp-content\/uploads\/2021\/06\/RevitUrbaine_Saint-Gilles.svg","width":243.17,"height":68.96,"caption":"Saint-Gilles"},"image":{"@id":"https:\/\/quartiers1060.brussels\/#\/schema\/logo\/image\/"}}]}</script>
<!-- / Yoast SEO plugin. -->

assemblée générale des habitantss
